k. Let t be (4 + k)*-2*(0 + -36). Calculate the greatest common divisor of t and 18.
18
Suppose 126 - 1656 = -o. Calculate the highest common divisor of o and 90.
90
Let n be (4 + 21/(-6))*(1466 - 2). Calculate the greatest common factor of n and 96.
12
Suppose -41*n = -40*n - 3. Suppose -4*r + 56 = n*x, r + 4*r = x + 13. Suppose 264 = x*m - 936. Calculate the highest common divisor of m and 25.
25
Suppose -w + 2815 = -3*s, w - 1809 = -4*s + 999. Calculate the highest common divisor of 76 and w.
76
Let x be (-20)/(-15)*3 - -208. Let j(q) = x*q**3 + 4*q + 0*q + 0*q - q**2 - 213*q**3 + 7. Let u be j(-3). What is the greatest common factor of 91 and u?
13
Let j = -13934 - -14378. What is the highest common factor of 102 and j?
6
Suppose -3*n = -2*a - 10 - 79, 6 = 3*a. Let x = -14 + n. Let h be x/(-4)*2*-2. Calculate the greatest common factor of 17 and h.
17
Let c be 2*8*6/8. Suppose 476*b = 1185*b - 59556. What is the highest common divisor of c and b?
12
Suppose -12*v = v - 507. Suppose 102 = 3*s + v. Let n = s + -6. What is the highest common divisor of n and 120?
15
Let p = -2708 - -10303. Calculate the greatest common divisor of p and 155.
155
Let o be (-40)/(-15)*-1401 - 4. Let b be 7/28 - o/16. What is the highest common divisor of b and 26?
26
Let z(t) = t**3 + 6*t**2 + 2*t + 11. Let x be z(-6). Let l be (x/(-1))/((-14)/252). Let c be (5/3)/((-2)/l). Calculate the greatest common factor of 10 and c.
5
Let g = 8811 + -8803. What is the highest common factor of g and 808?
8
Let v(n) = 6*n**3 - 51*n**2 + 28*n - 2. Let m be v(8). Calculate the highest common factor of m and 6.
6
Let s = -41770 + 41776. Calculate the highest common factor of 2802 and s.
6
Let o = -8504 + 10636. What is the greatest common factor of o and 208?
52
Let l(r) = 191*r + 3. Let g be l(3). Let k = 3085 - 3067. Calculate the highest common factor of k and g.
18
Let d = -81 + 147. Suppose -2*k - 2*k = 2*u - 36, -5*u - 4*k = -d. Calculate the greatest common divisor of 110 and u.
10
Let v(a) = -141*a - 2494. Let o be v(-34). What is the greatest common factor of o and 276?
92
Suppose 5*k = 3*t - 33, 3*k + 263 = -5*t + 284. What is the highest common divisor of 219 and t?
3
Let o = -63 - -77. Suppose -4*p = c - o, -2*p = 3*c + p - 33. Let t be -1*(4 - -12)/((-4)/c). Calculate the highest common divisor of t and 8.
8
Let k(z) = -z**3 + z - 1. Let a(i) = -9*i**3 + 4*i**2 - i - 4. Let r(j) = -a(j) + 4*k(j). Let h be r(2). Calculate the highest common divisor of 85 and h.
17
Let r = 75 - 72. Let s be (r + (-16 - -2))/(-1 + 0). Let p = 3 - 2. What is the greatest common divisor of s and p?
1
Suppose -2*a = -6*n - 42, 0 = -a + 4*n + 37 - 10. Let u be (-309)/((-3)/(6/2)). What is the greatest common factor of a and u?
3
Let n = 26501 + -17466. Calculate the greatest common divisor of n and 278.
139
Let x = -123 + 105. Let h be (x/(-10))/((-48)/(-1120)). Suppose -3*i + 2*i + 6 = 0. What is the highest common divisor of h and i?
6
Let o = 74 + -22. Suppose -7*d + 1652 = o*d. Calculate the highest common divisor of d and 196.
28
Suppose 4*h = p - 696, 9*p = 5*p - 2*h + 2694. Let c(w) = -52*w. Let b be c(-1). What is the greatest common divisor of p and b?
52
Suppose 23*a - 657384 = -149*a. Calculate the greatest common divisor of a and 156.
78
Let x be (0 + 9)*((-51)/(-6))/((-18)/(-12)). What is the greatest common factor of 612 and x?
51
Suppose -3 = l - 6. Let f be (-2 + 3)/(5*l/60). What is the highest common divisor of 56 and f?
4
Suppose 0 = a - 18 + 17. Suppose -4*r + 7 = -5*d + 2*d, -2*r + d = -5. Let s be a*(r/24 - 17/(-6)). Calculate the greatest common factor of s and 3.
3
Let r(s) = -86*s - 1365. Let v be r(-60). What is the greatest common factor of v and 88?
11
Suppose -12*k = -4*k - 720. Let u(w) = 2*w - 14. Let l be u(9). Let j be (-2 - 0)*-7 - l. Calculate the highest common divisor of k and j.
10
Suppose -14 = -3*i - 4*i. Suppose 15 = -5*o - 0, -5*a + i*o = -6. Let c be (-7)/14*(a + 0 - 68). What is the greatest common factor of c and 85?
17
Suppose 2392 = 22*r + 162*r. Calculate the highest common divisor of 2626 and r.
13
Let i be 178/18 + (-40)/(-36). Suppose -6 = -3*g - 0. Calculate the greatest common factor of g and i.
1
Suppose 8*i - 38*i + 18*i + 5196 = 0. What is the highest common factor of 1 and i?
1
Suppose 3*a - 120 = -2*o, -3*o + 180 = -0*o + 3*a. Suppose -o - 210 = -10*p. Calculate the greatest common factor of 108 and p.
27
Let k(o) = 2*o**2 - 135*o + 3763. Let g be k(61). What is the greatest common divisor of 770 and g?
110
Suppose -4 = 48*x - 52*x. What is the greatest common divisor of x and 5?
1
Let j = -1053 - -1112. Suppose 15*l - 991 = j. Let h = -14 + 24. Calculate the greatest common divisor of l and h.
10
Suppose j - 6 = -w, 0 = -5*j - w + 20 + 30. Suppose -2*g - b + 119 = 0, 10*g - j*g - b = -62. Calculate the greatest common divisor of 38 and g.
19
Let p = -29 - -43. Let n be p/3 + (-24)/36. Suppose j - 243 - 119 = -n*k, -4*k = -4*j - 352. Calculate the highest common divisor of 18 and k.
18
Let v(y) = 19*y**2 - 65*y + 596. Let a be v(14). What is the highest common factor of a and 440?
110
Let u be (6 + 0)/3 + -2. Let m be (23/5 - -1)*25/(-10). Let t be -49*(u - (-12)/m). Calculate the greatest common factor of 6 and t.
6
Suppose -5*f = -m + 32, 5*f - 55 = -m + 27. What is the greatest common factor of 13053 and m?
57
Suppose 4*i - 150 = v, -2*i - 6*v + 9*v = -90. Calculate the greatest common divisor of 117 and i.
9
Let n(g) = -7*g**2 - g. Let t be n(2). Let v be 5/1*3*(-74)/t. Let y be -2*(16*-5 - -6). What is the greatest common divisor of y and v?
37
Suppose 0 = 40*g - 32*g - 328. Suppose -79 - g = -6*f. Calculate the greatest common factor of 45 and f.
5
Let j(g) = -g**3 - 6*g**2 - 4*g + 9. Suppose 2*l + 24 = 14. Let y be j(l). Suppose -4*b + 3*s = -22, -s = -3 + 5. What is the highest common factor of y and b?
4
Let a(b) = b**3 + 6*b**2 - 10*b - 17. Let y be a(-7). Suppose -2*m = -0*v - y*v + 710, -735 = -4*v - 3*m. What is the highest common factor of v and 36?
36
Suppose w + n = 4*w - 21250, w - 4*n = 7065. Calculate the highest common factor of 195 and w.
65
Suppose -15*x + 10*x = -2*p + 3946, -3*p - 3*x + 5940 = 0. Calculate the highest common factor of p and 46.
46
Let j = -457 - -461. Calculate the greatest common factor of 5204 and j.
4
Suppose 8*d = 11*d - 27. Suppose -d*w + 12 = -12*w. Let x be (-198)/(-12) - (-2)/w. What is the greatest common divisor of x and 8?
8
Let b be (-3)/2 + 2/4. Let m be (3/(-6))/(b/14). Suppose 4*u = -2*p + 210, 259*u - 260*u + 5*p = -91. Calculate the highest common factor of u and m.
7
Suppose 3*z + 97*g = 94*g + 3033, -4043 = -4*z - 5*g. Calculate the greatest common divisor of z and 132.
44
Suppose -9763 = -8*x - 2203. Suppose 8*w = -w + x. What is the highest common divisor of w and 30?
15
Let s(v) = -2*v + 39. Let j be s(-3). Suppose j*a - 49*a + 36 = 0. What is the greatest common factor of a and 27?
9
Let u = 17 + -11. Let k(s) = -s**3 + 7*s**2 - 3*s - 5. Let z be k(u). Let q = -3455 - -3559. What is the highest common divisor of z and q?
13
Let o(h) = -h**3 - 4*h**2 + 2*h - 3. Let n be o(-5). Let t be (1 - 1) + n*4. Let u = t + -45. Calculate the greatest common factor of u and 9.
3
Let z(v) = v**2 + 114*v + 353. Let h be z(-3). Calculate the highest common divisor of 205 and h.
5
Suppose 3*b = 3, -2*c + b = c - 155. Suppose -24*g + 1357 = -2075. What is the highest common factor of c and g?
13
Let n be (24/(-9))/4*(-45)/6. Suppose -o = 2*r - 75, -r + 3 = -n*o - 18. What is the greatest common divisor of r and 9?
9
Suppose 18*y = 7*y + 99. Suppose 0 = q - y*q + 16. Calculate the highest common factor of q and 14.
2
Suppose 2*r + g - 1 = -0*g, -4*g = -r + 23. Let f(w) = w**r - 501*w + 5*w**2 - 2 + 505*w + 9. Let k be f(-4). Calculate the highest common factor of k and 63.
7
Let i(v) = v + 4. Let t be i(8). Suppose -9*s = -t*s. Suppose -2*u + 1 + 5 = s. What is the highest common divisor of u and 24?
3
Suppose -1716 = -5*i - 316. Let a be (i/25)/(1/5). Suppose -4*l = 5*z - 41, -4*l = -6*l + 3*z + 37. What is the highest common factor of a and l?
14
Let k be (-29)/((-174)/1332) - -1*3. Calculate the greatest common divisor of 1825 and k.
25
Suppose 0*s + 6267 = 3*s. Suppose 2399 = 2